4/z*6/2.
2, 17
Let h = -32 - -24. What are the prime factors of (45/(-30))/(2/h)?
2, 3
Let m(c) = c**2 - 8*c - 108. What are the prime factors of m(33)?
3, 239
Let g(n) = -n**3 + 5*n**2 + 5*n + 6. Let d be g(6). Let l = 4 - d. Suppose -l*m = 5*k - 2*k - 148, 42 = m + 2*k. List the prime factors of m.
2, 17
Let p(c) = 2*c**2 + 5*c - 23. Let y be p(10). Suppose -n = 2*n - 2*k - y, -85 = -n + 3*k. List the prime factors of n.
73
Suppose 92 = o + 3*o. Let t(x) = -x + 6. Let b be t(3). Suppose -b*f = -3*q + 21, 3*q - o - 14 = -f. List the prime factors of q.
11
Let c = 21 + -13. Let n = c - 4. Suppose 4*l = -3*w + 140, -w + n*l = -0*w - 52. List the prime factors of w.
2, 3
Let p(v) = 3*v**2 - 21*v + 233. What are the prime factors of p(37)?
7, 509
Suppose 3*u + 40 = -2*b, -7*u = -2*b - 3*u - 12. Let a = b + 14. Let n(v) = 2*v + 41. What are the prime factors of n(a)?
41
Suppose 0 = -m - 26 + 74. Suppose m*k - 46*k = 320. What are the prime factors of k?
2, 5
Suppose -26 = 4*n + 2*m + 8, -3*n - 5*m - 29 = 0. What are the prime factors of (0 - n)/((-34)/(-527))?
2, 31
Suppose 126 = 5*r + 5*n + 6, 5*r - 2*n - 85 = 0. Suppose -g + r = -7. What are the prime factors of g?
2, 13
Suppose 2 = 2*t - v + 5, 5*t = -4*v - 27. Let i(r) = r**3 + 4*r**2 + 3*r + 4. Let b be i(t). List the prime factors of b/10 - 306/(-10).
31
Suppose -4297 = -2*t + d, -2*t + 4842 = 3*d + 565. List the prime factors of t.
2, 29, 37
Let l be (1 - 2)*(-4 - 13). Suppose -6*k + l*k = 1463. List the prime factors of k.
7, 19
Suppose 2*l - 3*p + 10 = 0, 2*l - 7*l - 3*p - 46 = 0. Let j be 2/l - 90/(-8). Let m = 28 - j. List the prime factors of m.
17
Let k(z) = -z**3 - 11*z**2 + 8*z - 2. Let x(n) = 6*n + 12. Let u be x(-4). List the prime factors of k(u).
2, 23
Let b(h) = -629*h - 28. List the prime factors of b(-3).
11, 13
Let c be 24/(-4 - -7) - 0. List the prime factors of 162/4*c/3.
2, 3
Let c(z) = -z + 31. Suppose 3*r = 5*f - 16, 0*r - 4*r = f - 17. List the prime factors of c(f).
2, 13
Let m(y) = 6*y + 16. Let t be m(-12). What are the prime factors of 642/21 - 24/t?
31
Suppose 4*p - 4*o + 71 = 3, -4*p - 67 = -5*o. Let n be (30/p)/(1/3). List the prime factors of -2 - n - 0 - -24.
3
Suppose -2*m = -3 + 9, 3*s + 24 = -4*m. Let a = 4 - s. Suppose 2*p = 2*x + 50, -a*p + 3*p + 2*x = -113. List the prime factors of p.
3, 7
Suppose 32 = -4*d - 2*i, 0 = d - 5*d + 2*i - 24. What are the prime factors of 2 - -86*((-21)/2)/d?
131
Suppose -3*n + 2362 = -l, -4*n + n - 4*l = -2387. What are the prime factors of n?
3, 263
Let n = -12 + 19. Suppose -2*k = -n*k - 20. What are the prime factors of 53 - k - 4*-1?
61
Let l = -90 + 134. What are the prime factors of l?
2, 11
Let y(w) = w + 12. Let c(v) = 2 - 9*v + 7*v + 5*v**2 - v**3 - 5. Let j be c(4). What are the prime factors of y(j)?
17
Let o be (-5773)/(-5) + 6/(-10). Let y be o/12 - (-14)/(-84). Suppose y = t + t. List the prime factors of t.
2, 3
Suppose -2*v + 12 = -5*v + 2*o, 0 = 4*o + 12. Suppose 3*j = 1 + 2, 0 = 5*p + 3*j + 102. What are the prime factors of 2/(v/p) - -2?
3
Let c(n) = 11*n + 486. List the prime factors of c(39).
3, 5, 61
Let t = 660 + -656. Let k = 13 - 1. Suppose -2*i + t*b = k, -5*i - 4*b + 6*b + 2 = 0. List the prime factors of i.
2
Suppose -1 + 7 = 2*v. Suppose -48 = -7*y + v*y. List the prime factors of y.
2, 3
Let d = -20 - -46. Let q = -11 - -8. Let l = q + d. List the prime factors of l.
23
Suppose 3*s - 9 = -s + 3*g, 5*g = -2*s - 15. List the prime factors of (-7)/14 - (s - (-110)/(-4)).
3
Suppose -4*o - m + 7444 + 14508 = 0, 27433 = 5*o + 3*m. What are the prime factors of o?
11, 499
Suppose w - 3*w + 296 = 0. What are the prime factors of w?
2, 37
Let z = -152 - -260. List the prime factors of 11/(z/(-28) + 4).
7, 11
Let t = 55 + -53. List the prime factors of (-456)/(-21) + t/7 + 0.
2, 11
Let x = -15 - -15. Suppose -u + 4 - 5 = x. Let k = 21 - u. List the prime factors of k.
2, 11
Let r be (6/9)/((-6)/(-27)). Let i = r + 13. Suppose 0 = -x + 20 + i. List the prime factors of x.
2, 3
Suppose 0*j - 8 = -4*j. Suppose -132 + 442 = j*f. Suppose -5*p = -0*p - f. List the prime factors of p.
31
Let k(v) = -5 + 11*v - 1 - 14*v - 7. What are the prime factors of k(-10)?
17
Suppose -7 - 3 = -l. Let u(a) = -a + 26 - l - 5. List the prime factors of u(5).
2, 3
Suppose -31*y + 2267 = 4*u - 32*y, -3*y = -3*u + 1689. List the prime factors of u.
2, 71
Let c(p) = 58*p + 519. List the prime factors of c(10).
7, 157
Suppose -5*l = -3*l. Let v(n) = 2*n + 28. List the prime factors of v(l).
2, 7
Suppose 140 = -3*b - 4. Let w = 114 + b. List the prime factors of w.
2, 3, 11
Let k = -21 - -21. Suppose 2*b + 6 - 14 = k. What are the prime factors of (-1)/4 + 201/b?
2, 5
Suppose -27*g = -32*g + 15010. What are the prime factors of g?
2, 19, 79
Suppose i - 20 = -3*d + 4, -i + 4*d + 45 = 0. Suppose m + i = 119. Let s = m + -61. What are the prime factors of s?
5
Suppose -5*d = -a + 3, -3*d + 2*d + 15 = 5*a. Suppose 4*z - 56 - 16 = d. List the prime factors of z.
2, 3
Suppose -214 - 346 = 5*q. Let a = -66 - q. List the prime factors of a.
2, 23
Let q = -3 - 6. Let r be (q/(-2))/3*2. List the prime factors of 8 - (-6)/((-9)/r).
2, 3
Let m(q) = 9*q**2 - 18*q - 69. List the prime factors of m(-7).
2, 3, 83
Let i(b) = 17*b + 64. What are the prime factors of i(48)?
2, 5, 11
Let u(z) = z**3 + 12*z**2 - 17*z + 7. Suppose 0*r + 4*r + 32 = -4*s, 3*s - 67 = 4*r. What are the prime factors of u(r)?
59
Let y(l) = -50*l + 16 + 13 + 13 - 35. List the prime factors of y(-1).
3, 19
Let k(w) = -w**3 + 6*w**2 - w - 6. Let s be k(6). Let i(g) = g**2 + 3*g - 2. List the prime factors of i(s).
2, 53
Suppose -4*v = -3*f - f - 40, 15 = 2*v - f. Suppose -q - 3 + v = 0. What are the prime factors of ((-770)/(-28))/(1/q)?
5, 11
Let z = 1 + 81. What are the prime factors of z?
2, 41
Let p be (1 - 3)*2 - -25. Suppose -p = -4*i + 15. What are the prime factors of i?
3
Suppose 0 = 5*h - 2*o - 169, 2*h + 2*h + 5*o = 122. Let k = h - 25. Suppose 0 = 9*z - k*z - 58. What are the prime factors of z?
2, 29
Suppose -2*q - 9*c + 11*c + 806 = 0, 0 = -2*q + c + 809. List the prime factors of q.
2, 7, 29
Suppose -385 = -z + 1324. List the prime factors of z.
1709
Suppose 0 = 5*k + x + 3, 4*x + 9 = -2*k - 3. Let c be (-1 + k)/(7/(-21)). Suppose -c*a = 2*g - 225 + 72, -56 = -a + g. What are the prime factors of a?
53
Suppose -u = u - 848. Suppose 3*r + 2*q - 254 = 0, 5*r = -q - 2*q + u. What are the prime factors of r?
2, 43
Let k(v) = 2*v**2 - 54*v + 19. Let b be k(28). Let z(m) = -6*m - 3. Let d be z(5). Let w = d + b. List the prime factors of w.
2, 3, 7
Let m(h) = -2*h + 33. Let p be m(14). Suppose -r + 50 = 3*i - 74, -3*r - p*i + 364 = 0. What are the prime factors of r?
2, 59
Suppose -5*x + 0*x + 2*u + 2003 = 0, -2*x + 778 = 5*u. Let l = x - 279. List the prime factors of l.
2, 3, 5
Let r(z) = 43*z + 6. Let i be r(7). List the prime factors of i/6 + 1/(-6).
3, 17
Let p be (-6)/3 - (-46 - -3). Suppose -3*q + p + 79 = 0. Suppose 0 = -s - 11 + q. List the prime factors of s.
29
Suppose 51 = -4*z + 5*b, 2*z + 0*z + b = -29. Let v = z + 35. What are the prime factors of v/(-6)*(-80)/14?
2, 5
Let t(q) be the third derivative of q**7/5040 + 7*q**6/720 + 7*q**5/60 - 2*q**2. Let v(r) be the third derivative of t(r). List the prime factors of v(14).
3, 7
Let y(j) = 12*j - 21. What are the prime factors of y(13)?
3, 5
Let j = -14 - -12. Let n be 19/7 + j/(-7). List the prime factors of 23 - (4/1 - n).
2, 11
Let r be (-7)/(-4) + 1/4. Suppose 5*n + 4*u - 135 = 0, 0 = -4*n + 5*n + r*u - 33. List the prime factors of n.
23
Suppose 4*t - 5*s - 585 = 0, -3*t + 434 = 2*s - s. Suppose -7*h + t = -6*h. What are the prime factors of h?
5, 29
Suppose 0 = 13*l - 11*l - 88. Suppose l = -8*b + 10*b. List the prime factors of b.
2, 11
Suppose 0 = 4*c - 38 - 2. Let g = 10 - c. Suppose 5*d + 0*d - 85 = g. What are the prime factors of d?
17
List the prime factors of (2 - -34)*1/((-12)/(-32)).
2, 3
Suppose -5*q = -d - q + 818, d + 5*q = 845. List the prime factors of d.
2, 5, 83
Let l(h) be the second derivative of h**3/2 - 5*h**2/2 - 3*h. Let t = 4 + 6. What are the prime factors of l(t)?
5
Let z(g) = -g**3 - 7*g**2 + 14*g + 13. Suppose -4*k = -0*k + 36. Let c be z(k). Suppose -3*y = 4*s + 2*y 